{"id":113,"date":"2019-08-03T23:39:52","date_gmt":"2019-08-03T23:39:52","guid":{"rendered":"https:\/\/www.dciingenieros.com.co\/public\/?page_id=113"},"modified":"2023-05-18T01:21:44","modified_gmt":"2023-05-18T01:21:44","slug":"servicios","status":"publish","type":"page","link":"https:\/\/www.dciingenieros.com.co\/public\/servicios\/","title":{"rendered":"Servicios"},"content":{"rendered":"<p>[vc_row full_height=\u00bbyes\u00bb equal_height=\u00bbyes\u00bb overlay_dotted=\u00bbtrue\u00bb][vc_column width=\u00bb1\/3&#8243; css=\u00bb.vc_custom_1683149061310{background-position: center !important;background-repeat: no-repeat !important;background-size: cover !important;}\u00bb][vc_column_text]<\/p>\n<h2>\u00a0Construcci\u00f3n de obras el\u00e9ctricas<\/h2>\n<p>[\/vc_column_text]<ul class=\"square-bullets  roof-list-6a007dd707b39\"><li>Redes de distribuci\u00f3n y sub transmisi\u00f3n<\/li><li>Electrificaci\u00f3n rural.<\/li><li>Redes urbanas de media y baja tensi\u00f3n, A\u00e9reas y subterr\u00e1neas.<\/li><li>Subestaciones el\u00e9ctricas tipo exterior.<\/li><li>Subestaciones el\u00e9ctricas tipo interior.<\/li><li>Instalaciones el\u00e9ctricas de edificaciones, incluyendo la red de media tensi\u00f3n, subestaci\u00f3n e instalaciones internas.<\/li><li>Remodelaci\u00f3n y optimizaci\u00f3n del alumbrado p\u00fablico.<\/li><li>Cogeneraci\u00f3n con energ\u00eda solar.<\/li><li>Instalaciones industriales.<\/li><li>Instalaciones hospitalarias.<\/li><li>Redes telef\u00f3nicas y de fibras \u00f3pticas a\u00e9reas y subterr\u00e1neas.<\/li><\/ul>[vc_single_image image=\u00bb657&#8243; img_size=\u00bbfull\u00bb alignment=\u00bbcenter\u00bb][\/vc_column][vc_column width=\u00bb1\/3&#8243; css=\u00bb.vc_custom_1684372154288{background-image: url(https:\/\/www.dciingenieros.com.co\/public\/wp-content\/uploads\/2023\/05\/services1.png?id=659) !important;background-position: center !important;background-repeat: no-repeat !important;background-size: cover !important;}\u00bb offset=\u00bbvc_hidden-xs\u00bb][\/vc_column][vc_column width=\u00bb1\/3&#8243; css=\u00bb.vc_custom_1684372173512{background-image: url(https:\/\/www.dciingenieros.com.co\/public\/wp-content\/uploads\/2023\/05\/services2.png?id=658) !important;background-position: center !important;background-repeat: no-repeat !important;background-size: cover !important;}\u00bb offset=\u00bbvc_hidden-xs\u00bb][\/vc_column][\/vc_row][vc_row full_height=\u00bbyes\u00bb equal_height=\u00bbyes\u00bb overlay_dotted=\u00bbtrue\u00bb][vc_column width=\u00bb1\/2&#8243;][vc_column_text]<\/p>\n<h2>Estudios y dise\u00f1os<\/h2>\n<p>[\/vc_column_text]<ul class=\"square-bullets  roof-list-6a007dd707b67\"><li>Sistemas de alumbrado.<\/li><li>Redes el\u00e9ctricas a\u00e9reas y subterr\u00e1neas.<\/li><li>Subestaciones tipo interior y exterior.<\/li><li>Sistemas de puesta a tierra.<\/li><li>Plantas industriales.<\/li><li>Instalaciones hospitalarias.<\/li><li>Proyectos residenciales.<\/li><\/ul>[vc_column_text]<\/p>\n<h2>Construcci\u00f3n de obras civiles<\/h2>\n<p>[\/vc_column_text]<ul class=\"square-bullets  roof-list-6a007dd707b82\"><li>Vivienda.<\/li><li>Oficinas<\/li><li>Instalaciones deportivas.<\/li><li>Obras de urbanismo y paisajismo.<\/li><\/ul>[\/vc_column][vc_column width=\u00bb1\/2&#8243; css=\u00bb.vc_custom_1683146152608{background-image: url(https:\/\/www.dciingenieros.com.co\/public\/wp-content\/uploads\/2023\/05\/Image_04.jpg?id=597) !important;background-position: center !important;background-repeat: no-repeat !important;background-size: cover !important;}\u00bb offset=\u00bbvc_hidden-xs\u00bb][\/vc_column][\/vc_row]<\/p>\n","protected":false},"excerpt":{"rendered":"[vc_row full_height=\u00bbyes\u00bb equal_height=\u00bbyes\u00bb overlay_dotted=\u00bbtrue\u00bb][vc_column width=\u00bb1\/3&#8243; css=\u00bb.vc_custom_1683149061310{background-position: center !important;background-repeat: no-repeat !important;background-size: cover !important;}\u00bb][vc_column_text] \u00a0Construcci\u00f3n de obras el\u00e9ctricas [\/vc_column_text][vc_single_image image=\u00bb657&#8243; img_size=\u00bbfull\u00bb alignment=\u00bbcenter\u00bb][\/vc_column][vc_column width=\u00bb1\/3&#8243; css=\u00bb.vc_custom_1684372154288{background-image: url(https:\/\/www.dciingenieros.com.co\/public\/wp-content\/uploads\/2023\/05\/services1.png?id=659) !important;background-position: center !important;background-repeat: no-repeat !important;background-size: cover !important;}\u00bb offset=\u00bbvc_hidden-xs\u00bb][\/vc_column][vc_column width=\u00bb1\/3&#8243; css=\u00bb.vc_custom_1684372173512{background-image: url(https:\/\/www.dciingenieros.com.co\/public\/wp-content\/uploads\/2023\/05\/services2.png?id=658) !important;background-position: center !important;background-repeat: no-repeat !important;background-size: cover !important;}\u00bb offset=\u00bbvc_hidden-xs\u00bb][\/vc_column][\/vc_row][vc_row full_height=\u00bbyes\u00bb equal_height=\u00bbyes\u00bb overlay_dotted=\u00bbtrue\u00bb][vc_column width=\u00bb1\/2&#8243;][vc_column_text] Estudios y dise\u00f1os [\/vc_column_text][vc_column_text] Construcci\u00f3n de obras civiles [\/vc_column_text][\/vc_column][vc_column[&#8230;]","protected":false},"author":1,"featured_media":0,"parent":0,"menu_order":0,"comment_status":"closed","ping_status":"closed","template":"","meta":{"footnotes":""},"yoast_head":"<!-- This site is optimized with the Yoast SEO plugin v21.6 - https:\/\/yoast.com\/wordpress\/plugins\/seo\/ -->\n<title>Servicios - DCI Ingenieros SAS<\/title>\n<meta name=\"description\" content=\"Con 21 a\u00f1os de experiencia, contamos con servicios certificados con altos \u00edndices de calidad junto con un amplio portafolio...\" \/>\n<meta name=\"robots\" content=\"index, follow, max-snippet:-1, max-image-preview:large, max-video-preview:-1\" \/>\n<link rel=\"canonical\" href=\"https:\/\/www.dciingenieros.com.co\/public\/servicios\/\" \/>\n<meta property=\"og:locale\" content=\"es_ES\" \/>\n<meta property=\"og:type\" content=\"article\" \/>\n<meta property=\"og:title\" content=\"Servicios - DCI Ingenieros SAS\" \/>\n<meta property=\"og:description\" content=\"Con 21 a\u00f1os de experiencia, contamos con servicios certificados con altos \u00edndices de calidad junto con un amplio portafolio...\" \/>\n<meta property=\"og:url\" content=\"https:\/\/www.dciingenieros.com.co\/public\/servicios\/\" \/>\n<meta property=\"og:site_name\" content=\"DCI Ingenieros SAS\" \/>\n<meta property=\"article:modified_time\" content=\"2023-05-18T01:21:44+00:00\" \/>\n<meta name=\"twitter:card\" content=\"summary_large_image\" \/>\n<meta name=\"twitter:label1\" content=\"Tiempo de lectura\" \/>\n\t<meta name=\"twitter:data1\" content=\"1 minuto\" \/>\n<script type=\"application\/ld+json\" class=\"yoast-schema-graph\">{\"@context\":\"https:\/\/schema.org\",\"@graph\":[{\"@type\":\"WebPage\",\"@id\":\"https:\/\/www.dciingenieros.com.co\/public\/servicios\/\",\"url\":\"https:\/\/www.dciingenieros.com.co\/public\/servicios\/\",\"name\":\"Servicios - DCI Ingenieros SAS\",\"isPartOf\":{\"@id\":\"https:\/\/www.dciingenieros.com.co\/public\/#website\"},\"datePublished\":\"2019-08-03T23:39:52+00:00\",\"dateModified\":\"2023-05-18T01:21:44+00:00\",\"description\":\"Con 21 a\u00f1os de experiencia, contamos con servicios certificados con altos \u00edndices de calidad junto con un amplio portafolio...\",\"breadcrumb\":{\"@id\":\"https:\/\/www.dciingenieros.com.co\/public\/servicios\/#breadcrumb\"},\"inLanguage\":\"es\",\"potentialAction\":[{\"@type\":\"ReadAction\",\"target\":[\"https:\/\/www.dciingenieros.com.co\/public\/servicios\/\"]}]},{\"@type\":\"BreadcrumbList\",\"@id\":\"https:\/\/www.dciingenieros.com.co\/public\/servicios\/#breadcrumb\",\"itemListElement\":[{\"@type\":\"ListItem\",\"position\":1,\"name\":\"Portada\",\"item\":\"https:\/\/www.dciingenieros.com.co\/public\/\"},{\"@type\":\"ListItem\",\"position\":2,\"name\":\"Servicios\"}]},{\"@type\":\"WebSite\",\"@id\":\"https:\/\/www.dciingenieros.com.co\/public\/#website\",\"url\":\"https:\/\/www.dciingenieros.com.co\/public\/\",\"name\":\"DCI Ingenieros SAS\",\"description\":\"P&aacute;gina principal\",\"potentialAction\":[{\"@type\":\"SearchAction\",\"target\":{\"@type\":\"EntryPoint\",\"urlTemplate\":\"https:\/\/www.dciingenieros.com.co\/public\/?s={search_term_string}\"},\"query-input\":\"required name=search_term_string\"}],\"inLanguage\":\"es\"}]}<\/script>\n<!-- \/ Yoast SEO plugin. -->","yoast_head_json":{"title":"Servicios - DCI Ingenieros SAS","description":"Con 21 a\u00f1os de experiencia, contamos con servicios certificados con altos \u00edndices de calidad junto con un amplio portafolio...","robots":{"index":"index","follow":"follow","max-snippet":"max-snippet:-1","max-image-preview":"max-image-preview:large","max-video-preview":"max-video-preview:-1"},"canonical":"https:\/\/www.dciingenieros.com.co\/public\/servicios\/","og_locale":"es_ES","og_type":"article","og_title":"Servicios - DCI Ingenieros SAS","og_description":"Con 21 a\u00f1os de experiencia, contamos con servicios certificados con altos \u00edndices de calidad junto con un amplio portafolio...","og_url":"https:\/\/www.dciingenieros.com.co\/public\/servicios\/","og_site_name":"DCI Ingenieros SAS","article_modified_time":"2023-05-18T01:21:44+00:00","twitter_card":"summary_large_image","twitter_misc":{"Tiempo de lectura":"1 minuto"},"schema":{"@context":"https:\/\/schema.org","@graph":[{"@type":"WebPage","@id":"https:\/\/www.dciingenieros.com.co\/public\/servicios\/","url":"https:\/\/www.dciingenieros.com.co\/public\/servicios\/","name":"Servicios - DCI Ingenieros SAS","isPartOf":{"@id":"https:\/\/www.dciingenieros.com.co\/public\/#website"},"datePublished":"2019-08-03T23:39:52+00:00","dateModified":"2023-05-18T01:21:44+00:00","description":"Con 21 a\u00f1os de experiencia, contamos con servicios certificados con altos \u00edndices de calidad junto con un amplio portafolio...","breadcrumb":{"@id":"https:\/\/www.dciingenieros.com.co\/public\/servicios\/#breadcrumb"},"inLanguage":"es","potentialAction":[{"@type":"ReadAction","target":["https:\/\/www.dciingenieros.com.co\/public\/servicios\/"]}]},{"@type":"BreadcrumbList","@id":"https:\/\/www.dciingenieros.com.co\/public\/servicios\/#breadcrumb","itemListElement":[{"@type":"ListItem","position":1,"name":"Portada","item":"https:\/\/www.dciingenieros.com.co\/public\/"},{"@type":"ListItem","position":2,"name":"Servicios"}]},{"@type":"WebSite","@id":"https:\/\/www.dciingenieros.com.co\/public\/#website","url":"https:\/\/www.dciingenieros.com.co\/public\/","name":"DCI Ingenieros SAS","description":"P&aacute;gina principal","potentialAction":[{"@type":"SearchAction","target":{"@type":"EntryPoint","urlTemplate":"https:\/\/www.dciingenieros.com.co\/public\/?s={search_term_string}"},"query-input":"required name=search_term_string"}],"inLanguage":"es"}]}},"_links":{"self":[{"href":"https:\/\/www.dciingenieros.com.co\/public\/wp-json\/wp\/v2\/pages\/113"}],"collection":[{"href":"https:\/\/www.dciingenieros.com.co\/public\/wp-json\/wp\/v2\/pages"}],"about":[{"href":"https:\/\/www.dciingenieros.com.co\/public\/wp-json\/wp\/v2\/types\/page"}],"author":[{"embeddable":true,"href":"https:\/\/www.dciingenieros.com.co\/public\/wp-json\/wp\/v2\/users\/1"}],"replies":[{"embeddable":true,"href":"https:\/\/www.dciingenieros.com.co\/public\/wp-json\/wp\/v2\/comments?post=113"}],"version-history":[{"count":18,"href":"https:\/\/www.dciingenieros.com.co\/public\/wp-json\/wp\/v2\/pages\/113\/revisions"}],"predecessor-version":[{"id":664,"href":"https:\/\/www.dciingenieros.com.co\/public\/wp-json\/wp\/v2\/pages\/113\/revisions\/664"}],"wp:attachment":[{"href":"https:\/\/www.dciingenieros.com.co\/public\/wp-json\/wp\/v2\/media?parent=113"}],"curies":[{"name":"wp","href":"https:\/\/api.w.org\/{rel}","templated":true}]}}